What is the remainder when 12222 is divided by 52?
2
Calculate the remainder when 948 is divided by 457.
34
Calculate the remainder when 19123 is divided by 45.
43
Calculate the remainder when 119593 is divided by 21.
19
What is the remainder when 10369 is divided by 652?
589
Calculate the remainder when 20388 is divided by 4876.
884
What is the remainder when 1982 is divided by 132?
2
What is the remainder when 18697 is divided by 110?
107
Calculate the remainder when 6240 is divided by 1244.
20
What is the remainder when 18047 is divided by 3482?
637
Calculate the remainder when 2451 is divided by 97.
26
Calculate the remainder when 42469 is divided by 10575.
169
Calculate the remainder when 468844 is divided by 66974.
26
What is the remainder when 326534 is divided by 58?
52
Calculate the remainder when 9012 is divided by 3002.
6
What is the remainder when 354239 is divided by 328?
327
What is the remainder when 81429 is divided by 13567?
27
What is the remainder when 851535 is divided by 1041?
1038
What is the remainder when 1155 is divided by 37?
8
Calculate the remainder when 591295 is divided by 270.
265
What is the remainder when 19617 is divided by 426?
21
Calculate the remainder when 4398 is divided by 71.
67
What is the remainder when 842684 is divided by 84?
80
Calculate the remainder when 5275 is divided by 91.
88
What is the remainder when 23943 is divided by 1840?
23
Calculate the remainder when 293 is divided by 95.
8
What is the remainder when 61618 is divided by 46?
24
What is the remainder when 381990 is divided by 847?
840
What is the remainder when 80039 is divided by 12?
11
Calculate the remainder when 1464 is divided by 44.
12
What is the remainder when 2934 is divided by 161?
36
What is the remainder when 29947 is divided by 1000?
947
What is the remainder when 3515 is divided by 1225?
1065
Calculate the remainder when 113507 is divided by 8106.
23
What is the remainder when 393 is divided by 373?
20
Calculate the remainder when 120247 is divided by 26.
23
Calculate the remainder when 1681 is divided by 2.
1
What is the remainder when 9516 is divided by 140?
136
What is the remainder when 17506 is divided by 5832?
10
Calculate the remainder when 28160 is divided by 215.
210
What is the remainder when 21989 is divided by 7189?
422
What is the remainder when 39347 is divided by 806?
659
Calculate the remainder when 235437 is divided by 10.
7
What is the remainder when 4802 is divided by 3847?
955
What is the remainder when 20582 is divided by 132?
122
What is the remainder when 1172 is divided by 210?
122
Calculate the remainder when 155578 is divided by 86.
4
Calculate the remainder when 173753 is divided by 98.
97
Calculate the remainder when 25569 is divided by 294.
285
What is the remainder when 74772 is divided by 60?
12
What is the remainder when 1809 is divided by 1770?
39
Calculate the remainder when 49646 is divided by 1460.
6
What is the remainder when 116173 is divided by 25?
23
What is the remainder when 2495415 is divided by 401?
393
Calculate the remainder when 1679 is divided by 402.
71
What is the remainder when 24958 is divided by 32?
30
Calculate the remainder when 1271854 is divided by 458.
446
Calculate the remainder when 10735 is divided by 10617.
118
Calculate the remainder when 15674 is divided by 280.
274
Calculate the remainder when 3686 is divided by 370.
356
Calculate the remainder when 36029 is divided by 17984.
61
What is the remainder when 2762 is divided by 2506?
256
What is the remainder when 7199 is divided by 651?
38
What is the remainder when 7409 is divided by 1831?
85
What is the remainder when 29660 is divided by 14823?
14
Calculate the remainder when 3667 is divided by 3656.
11
Calculate the remainder when 267624 is divided by 12.
0
What is the remainder when 202033 is divided by 414?
1
Calculate the remainder when 206990 is divided by 147.
14
Calculate the remainder when 25002 is divided by 11.
10
What is the remainder when 4356 is divided by 97?
88
What is the remainder when 1836 is divided by 115?
111
What is the remainder when 200395 is divided by 63?
55
Calculate the remainder when 53582 is divided by 392.
270
What is the remainder when 2709 is divided by 964?
781
What is the remainder when 4641 is divided by 49?
35
What is the remainder when 12074 is divided by 36?
14
Calculate the remainder when 497903 is divided by 506.
505
What is the remainder when 5320 is divided by 2?
0
What is the remainder when 1560 is divided by 89?
47
What is the remainder when 10654 is divided by 209?
204
Calculate the remainder when 10791 is divided by 24.
15
Calculate the remainder when 3368 is divided by 3258.
110
Calculate the remainder when 1109 is divided by 173.
71
Calculate the remainder when 750350 is divided by 250113.
11
Calculate the remainder when 1370 is divided by 381.
227
Calculate the remainder when 8212 is divided by 191.
190
What is the remainder when 4203478 is divided by 1380?
1378
Calculate the remainder when 2590559 is divided by 1008.
1007
Calculate the remainder when 25628 is divided by 51.
26
What is the remainder when 15021 is divided by 113?
105
Calculate the remainder when 14543 is divided by 766.
755
What is the remainder when 5529 is divided by 490?
139
What is the remainder when 2055 is divided by 291?
18
Calculate the remainder when 9970 is divided by 1646.
94
Calculate the remainder when 11159 is divided by 40.
39
Calculate the remainder when 523 is divided by 399.
124
Calculate the remainder when 4296 is divided by 888.
744
What is the remainder when 3086 is divided by 49?
48
Calculate the remainder when 86538 is divided by 468.
426
What is the remainder when 8529 is divided by 205?
124
Calculate the remainder when 2060 is divided by 15.
5
What is the remainder when 2278 is divided by 22?
12
What is the remainder when 34257 is divided by 902?
883
Calculate the remainder when 127161 is divided by 63572.
17
What is the remainder when 11155 is divided by 40?
35
What is the remainder when 21948 is divided by 169?
147
Calculate the remainder when 164018 is divided by 306.
2
What is the remainder when 1164001 is divided by 794?
791
What is the remainder when 119027 is divided by 133?
125
Calculate the remainder when 1047 is divided by 208.
7
What is the remainder when 41133 is divided by 147?
120
What is the remainder when 946 is divided by 292?
70
Calculate the remainder when 1827 is divided by 141.
135
What is the remainder when 191734 is divided by 47931?
10
What is the remainder when 12897 is divided by 2551?
142
Calculate the remainder when 22966 is divided by 173.
130
What is the remainder when 47065 is divided by 15635?
160
What is the remainder when 6200 is divided by 56?
40
What is the remainder when 8230 is divided by 25?
5
What is the remainder when 27819 is divided by 311?
140
What is the remainder when 4204 is divided by 2053?
98
What is the remainder when 1922 is divided by 448?
130
What is the remainder when 2458 is divided by 2450?
8
Calculate the remainder when 411 is divided by 141.
129
What is the remainder when 2922208 is divided by 137?
135
Calculate the remainder when 1089284 is divided by 737.
735
Calculate the remainder when 36095 is divided by 249.
239
What is the remainder when 11237 is divided by 74?
63
Calculate the remainder when 14583 is divided by 280.
23
Calculate the remainder when 24644 is divided by 8204.
32
Calculate the remainder when 1527 is divided by 359.
91
Calculate the remainder when 1554750 is divided by 34.
32
What is the remainder when 541782 is divided by 108352?
22
What is the remainder when 1475 is divided by 301?
271
What is the remainder when 7225 is divided by 1029?
22
Calculate the remainder when 2074947 is divided by 29.
26
What is the remainder when 3309 is divided by 431?
292
Calculate the remainder when 2769 is divided by 952.
865
Calculate the remainder when 7485 is divided by 38.
37
What is the remainder when 983 is divided by 169?
138
Calculate the remainder when 19838 is divided by 1426.
1300
Calculate the remainder when 6038 is divided by 546.
32
Calculate the remainder when 1579 is divided by 36.
31
What is the remainder when 82509 is divided by 382?
379
What is the remainder when 8711 is divided by 35?
3